{"id":13585,"date":"2024-08-21T13:22:50","date_gmt":"2024-08-21T13:22:50","guid":{"rendered":"https:\/\/estudiosostenibilidad.com\/navalmoraldelamata\/registro\/"},"modified":"2024-09-12T06:15:51","modified_gmt":"2024-09-12T06:15:51","slug":"registro","status":"publish","type":"page","link":"https:\/\/estudiosostenibilidad.com\/navalmoraldelamata\/registro\/","title":{"rendered":"Registro"},"content":{"rendered":"\t\t<div data-elementor-type=\"wp-page\" data-elementor-id=\"13585\" class=\"elementor elementor-13585\">\n\t\t\t\t<div class=\"elementor-element elementor-element-f5b8734 e-con-full e-flex parallax_section_no qode_elementor_container_no e-con e-parent\" data-id=\"f5b8734\" data-element_type=\"container\" data-settings=\"{&quot;background_background&quot;:&quot;classic&quot;}\">\n\t\t\t\t<\/div>\n\t\t<div class=\"elementor-element elementor-element-52a2af2 e-flex e-con-boxed parallax_section_no qode_elementor_container_no e-con e-parent\" data-id=\"52a2af2\" data-element_type=\"container\">\n\t\t\t\t\t<div class=\"e-con-inner\">\n\t\t\t\t<div class=\"elementor-element elementor-element-df79bb2 elementor-invisible elementor-widget elementor-widget-heading\" data-id=\"df79bb2\" data-element_type=\"widget\" data-settings=\"{&quot;_animation&quot;:&quot;zoomIn&quot;}\" data-widget_type=\"heading.default\">\n\t\t\t\t<div class=\"elementor-widget-container\">\n\t\t\t<h1 class=\"elementor-heading-title elementor-size-default\">Registra tu empresa<\/h1>\t\t<\/div>\n\t\t\t\t<\/div>\n\t\t\t\t<div class=\"elementor-element elementor-element-aff0266 elementor-invisible elementor-widget elementor-widget-text-editor\" data-id=\"aff0266\" data-element_type=\"widget\" data-settings=\"{&quot;_animation&quot;:&quot;bounceIn&quot;}\" data-widget_type=\"text-editor.default\">\n\t\t\t\t<div class=\"elementor-widget-container\">\n\t\t\t\t\t\t\t<p>para hacer el test, guardar tus datos y gestionar tu certificaci\u00f3n<\/p>\t\t\t\t\t\t<\/div>\n\t\t\t\t<\/div>\n\t\t\t\t<div class=\"elementor-element elementor-element-1a138a6 elementor-widget elementor-widget-image\" data-id=\"1a138a6\" data-element_type=\"widget\" data-widget_type=\"image.default\">\n\t\t\t\t<div class=\"elementor-widget-container\">\n\t\t\t\t\t\t\t\t\t\t\t\t\t<img decoding=\"async\" width=\"102\" height=\"85\" src=\"https:\/\/estudiosostenibilidad.com\/navalmoraldelamata\/wp-content\/uploads\/2024\/08\/iniciar-sesion.webp\" class=\"attachment-large size-large wp-image-13562\" alt=\"\" \/>\t\t\t\t\t\t\t\t\t\t\t\t\t<\/div>\n\t\t\t\t<\/div>\n\t\t\t\t\t<\/div>\n\t\t\t\t<\/div>\n\t\t<div class=\"elementor-element elementor-element-59312385 e-flex e-con-boxed parallax_section_no qode_elementor_container_no e-con e-parent\" data-id=\"59312385\" data-element_type=\"container\">\n\t\t\t\t\t<div class=\"e-con-inner\">\n\t\t\t\t<div class=\"elementor-element elementor-element-2e19d59b elementor-widget elementor-widget-text-editor\" data-id=\"2e19d59b\" data-element_type=\"widget\" data-widget_type=\"text-editor.default\">\n\t\t\t\t<div class=\"elementor-widget-container\">\n\t\t\t\t\t\t\t<!-- wp:shortcode -->\n\t<div class='user-registration ur-frontend-form ur-frontend-form--rounded ur-frontend-form--rounded-edge ' id='user-registration-form-13587'>\n\t\t\t\t\t<form method='post' class='register' data-form-id=\"13587\"\n\t\t\t\tdata-enable-strength-password=\"1\" data-minimum-password-strength=\"3\"\n\t\t\t\t\t\t\t\t\t\t\t\t\t\t\t data-captcha-enabled=\"1\">\n\n\t\t\t\t<div class=\"ur-form-row\">\t\t\t\t\t\t<div class=\"ur-form-grid ur-grid-1\"\n\t\t\t\t\t\t\tstyle=\"width:48%\">\n\t\t\t\t\t\t\t\t\t\t\t\t\t\t<div  data-field-id=\"first_name\" class=\"ur-field-item field-first_name \" data-ref-id=\"first_name\">\n\t\t\t\t\t\t\t\t\t<div class=\"form-row validate-required\" id=\"first_name_field\" data-priority=\"\" > <span class=\"input-wrapper\"> <input data-rules=\"\" data-id=\"first_name\" type=\"text\" class=\"input-text   input-text ur-frontend-field  \" name=\"first_name\" id=\"first_name\" placeholder=\"Nombre comercial\"  value=\"\" required=\"required\" data-label=\"Nombre\" \/> <\/span> <\/div>\t\t\t\t\t\t\t\t<\/div>\n\t\t\t\t\t\t\t\t\t\t\t\t\t\t\t\t<div  data-field-id=\"display_name\" class=\"ur-field-item field-display_name \" data-ref-id=\"display_name\">\n\t\t\t\t\t\t\t\t\t<div class=\"form-row validate-required\" id=\"display_name_field\" data-priority=\"\" > <span class=\"input-wrapper\"> <input data-rules=\"\" data-id=\"display_name\" type=\"text\" class=\"input-text   input-text ur-frontend-field  \" name=\"display_name\" id=\"display_name\" placeholder=\"Raz\u00f3n social\"  value=\"\" required=\"required\" data-label=\"Raz\u00f3n\" \/> <\/span> <\/div>\t\t\t\t\t\t\t\t<\/div>\n\t\t\t\t\t\t\t\t\t\t\t\t\t\t\t\t<div  data-field-id=\"nickname\" class=\"ur-field-item field-nickname \" data-ref-id=\"nickname\">\n\t\t\t\t\t\t\t\t\t<div class=\"form-row validate-required\" id=\"nickname_field\" data-priority=\"\" > <span class=\"input-wrapper\"> <input data-rules=\"\" data-id=\"nickname\" type=\"text\" class=\"input-text   input-text ur-frontend-field  \" name=\"nickname\" id=\"nickname\" placeholder=\"Poblaci\u00f3n\"  value=\"\" required=\"required\" data-label=\"Poblaci\u00f3n\" \/> <\/span> <\/div>\t\t\t\t\t\t\t\t<\/div>\n\t\t\t\t\t\t\t\t\t\t\t\t\t\t\t\t<div  data-field-id=\"user_email\" class=\"ur-field-item field-user_email \" data-ref-id=\"user_email\">\n\t\t\t\t\t\t\t\t\t<div class=\"form-row validate-required\" id=\"user_email_field\" data-priority=\"\" > <span class=\"input-wrapper\"> <input data-rules=\"\" data-id=\"user_email\" type=\"email\" class=\"input-text   input-email ur-frontend-field  \" name=\"user_email\" id=\"user_email\" placeholder=\"Email\"  value=\"\" required=\"required\" data-label=\"Email\" \/> <\/span> <\/div>\t\t\t\t\t\t\t\t<\/div>\n\t\t\t\t\t\t\t\t\t\t\t\t\t\t\t\t<div  data-field-id=\"user_pass\" class=\"ur-field-item field-user_pass \" data-ref-id=\"user_pass\">\n\t\t\t\t\t\t\t\t\t<div class=\"form-row validate-required hide_show_password\" id=\"user_pass_field\" data-priority=\"\"> <span class=\"input-wrapper\"> <span class=\"password-input-group input-form-field-icons\"><input data-rules=\"\" data-id=\"user_pass\" type=\"password\" class=\"input-text  input-password ur-frontend-field  \" name=\"user_pass\" id=\"user_pass\" placeholder=\"Establece tu contrase\u00f1a\"  value=\"\" required=\"required\" data-label=\"Establece tu contrase\u00f1a\" \/><\/span> <\/span> <\/div>\t\t\t\t\t\t\t\t<\/div>\n\t\t\t\t\t\t\t\t\t\t\t\t\t\t<\/div>\n\t\t\t\t\t\t\t\t\t\t\t\t<div class=\"ur-form-grid ur-grid-2\"\n\t\t\t\t\t\t\tstyle=\"width:48%\">\n\t\t\t\t\t\t\t\t\t\t\t\t\t\t<div  data-field-id=\"radio_1724247573\" class=\"ur-field-item field-radio registro-actividad\" data-ref-id=\"radio_1724247573\">\n\t\t\t\t\t\t\t\t\t<div class=\"form-row validate-required\" id=\"radio_1724247573_field\" data-priority=\"\" ><label for=\"Alimentaci\u00f3n y bebidas: Supermercados, tiendas de comestibles, bares y cafeter\u00edas, restaurantes, catering\" class=\"ur-label\">Actividad <abbr class=\"required\" title=\"obligatorio\">*<\/abbr><\/label><ul><li class=\"ur-radio-list\"><input data-rules=\"\" data-id=\"radio_1724247573\" type=\"radio\" class=\"input-radio ur-frontend-field \" value=\"Alimentaci\u00f3n y bebidas: Supermercados, tiendas de comestibles, bares y cafeter\u00edas, restaurantes, catering\"  name=\"radio_1724247573\" id=\"radio_1724247573_Alimentaci\u00f3n y bebidas: Supermercados, tiendas de comestibles, bares y cafeter\u00edas, restaurantes, catering\" required=\"required\" data-label=\"Actividad\" \/  \/> <label for=\"radio_1724247573_Alimentaci\u00f3n y bebidas: Supermercados, tiendas de comestibles, bares y cafeter\u00edas, restaurantes, catering\" class=\"radio\">Alimentaci\u00f3n y bebidas: Supermercados, tiendas de comestibles, bares y cafeter\u00edas, restaurantes, catering<\/label><\/li><li class=\"ur-radio-list\"><input data-rules=\"\" data-id=\"radio_1724247573\" type=\"radio\" class=\"input-radio ur-frontend-field \" value=\"Retail y moda: Tiendas de ropa y accesorios, de calzado, joyer\u00eda y relojer\u00eda\"  name=\"radio_1724247573\" id=\"radio_1724247573_Retail y moda: Tiendas de ropa y accesorios, de calzado, joyer\u00eda y relojer\u00eda\" required=\"required\" data-label=\"Actividad\" \/  \/> <label for=\"radio_1724247573_Retail y moda: Tiendas de ropa y accesorios, de calzado, joyer\u00eda y relojer\u00eda\" class=\"radio\">Retail y moda: Tiendas de ropa y accesorios, de calzado, joyer\u00eda y relojer\u00eda<\/label><\/li><li class=\"ur-radio-list\"><input data-rules=\"\" data-id=\"radio_1724247573\" type=\"radio\" class=\"input-radio ur-frontend-field \" value=\"Salud y bienestar: Cl\u00ednicas y consultorios m\u00e9dicos, farmacias, gimnasios y centros de fitness, spas y centros de belleza\"  name=\"radio_1724247573\" id=\"radio_1724247573_Salud y bienestar: Cl\u00ednicas y consultorios m\u00e9dicos, farmacias, gimnasios y centros de fitness, spas y centros de belleza\" required=\"required\" data-label=\"Actividad\" \/  \/> <label for=\"radio_1724247573_Salud y bienestar: Cl\u00ednicas y consultorios m\u00e9dicos, farmacias, gimnasios y centros de fitness, spas y centros de belleza\" class=\"radio\">Salud y bienestar: Cl\u00ednicas y consultorios m\u00e9dicos, farmacias, gimnasios y centros de fitness, spas y centros de belleza<\/label><\/li><li class=\"ur-radio-list\"><input data-rules=\"\" data-id=\"radio_1724247573\" type=\"radio\" class=\"input-radio ur-frontend-field \" value=\"Automotriz: Talleres de mec\u00e1nica, servicios de lavado de autos, venta y alquiler de veh\u00edculos\"  name=\"radio_1724247573\" id=\"radio_1724247573_Automotriz: Talleres de mec\u00e1nica, servicios de lavado de autos, venta y alquiler de veh\u00edculos\" required=\"required\" data-label=\"Actividad\" \/  \/> <label for=\"radio_1724247573_Automotriz: Talleres de mec\u00e1nica, servicios de lavado de autos, venta y alquiler de veh\u00edculos\" class=\"radio\">Automotriz: Talleres de mec\u00e1nica, servicios de lavado de autos, venta y alquiler de veh\u00edculos<\/label><\/li><li class=\"ur-radio-list\"><input data-rules=\"\" data-id=\"radio_1724247573\" type=\"radio\" class=\"input-radio ur-frontend-field \" value=\"Tecnolog\u00eda y Electr\u00f3nica: Tiendas de electr\u00f3nica y electrodom\u00e9sticos, servicios de reparaci\u00f3n de dispositivos, servicios de inform\u00e1tica y tecnolog\u00eda\"  name=\"radio_1724247573\" id=\"radio_1724247573_Tecnolog\u00eda y Electr\u00f3nica: Tiendas de electr\u00f3nica y electrodom\u00e9sticos, servicios de reparaci\u00f3n de dispositivos, servicios de inform\u00e1tica y tecnolog\u00eda\" required=\"required\" data-label=\"Actividad\" \/  \/> <label for=\"radio_1724247573_Tecnolog\u00eda y Electr\u00f3nica: Tiendas de electr\u00f3nica y electrodom\u00e9sticos, servicios de reparaci\u00f3n de dispositivos, servicios de inform\u00e1tica y tecnolog\u00eda\" class=\"radio\">Tecnolog\u00eda y Electr\u00f3nica: Tiendas de electr\u00f3nica y electrodom\u00e9sticos, servicios de reparaci\u00f3n de dispositivos, servicios de inform\u00e1tica y tecnolog\u00eda<\/label><\/li><li class=\"ur-radio-list\"><input data-rules=\"\" data-id=\"radio_1724247573\" type=\"radio\" class=\"input-radio ur-frontend-field \" value=\"Turismo y Hospitalidad: Hoteles y alojamientos, Agencias de viaje, operadores tur\u00edsticos\"  name=\"radio_1724247573\" id=\"radio_1724247573_Turismo y Hospitalidad: Hoteles y alojamientos, Agencias de viaje, operadores tur\u00edsticos\" required=\"required\" data-label=\"Actividad\" \/  \/> <label for=\"radio_1724247573_Turismo y Hospitalidad: Hoteles y alojamientos, Agencias de viaje, operadores tur\u00edsticos\" class=\"radio\">Turismo y Hospitalidad: Hoteles y alojamientos, Agencias de viaje, operadores tur\u00edsticos<\/label><\/li><li class=\"ur-radio-list\"><input data-rules=\"\" data-id=\"radio_1724247573\" type=\"radio\" class=\"input-radio ur-frontend-field \" value=\"Educaci\u00f3n y capacitaci\u00f3n: Escuelas y centros de formaci\u00f3n, acad\u00e9micas y cursos especializados, servicios de tutor\u00eda y capacitaci\u00f3n empresarial\"  name=\"radio_1724247573\" id=\"radio_1724247573_Educaci\u00f3n y capacitaci\u00f3n: Escuelas y centros de formaci\u00f3n, acad\u00e9micas y cursos especializados, servicios de tutor\u00eda y capacitaci\u00f3n empresarial\" required=\"required\" data-label=\"Actividad\" \/  \/> <label for=\"radio_1724247573_Educaci\u00f3n y capacitaci\u00f3n: Escuelas y centros de formaci\u00f3n, acad\u00e9micas y cursos especializados, servicios de tutor\u00eda y capacitaci\u00f3n empresarial\" class=\"radio\">Educaci\u00f3n y capacitaci\u00f3n: Escuelas y centros de formaci\u00f3n, acad\u00e9micas y cursos especializados, servicios de tutor\u00eda y capacitaci\u00f3n empresarial<\/label><\/li><li class=\"ur-radio-list\"><input data-rules=\"\" data-id=\"radio_1724247573\" type=\"radio\" class=\"input-radio ur-frontend-field \" value=\"Servicios profesionales: Consultor\u00edas y asesor\u00edas, servicios financieros y de seguros, servicios legales y notariales, publicidad y marketing\"  name=\"radio_1724247573\" id=\"radio_1724247573_Servicios profesionales: Consultor\u00edas y asesor\u00edas, servicios financieros y de seguros, servicios legales y notariales, publicidad y marketing\" required=\"required\" data-label=\"Actividad\" \/  \/> <label for=\"radio_1724247573_Servicios profesionales: Consultor\u00edas y asesor\u00edas, servicios financieros y de seguros, servicios legales y notariales, publicidad y marketing\" class=\"radio\">Servicios profesionales: Consultor\u00edas y asesor\u00edas, servicios financieros y de seguros, servicios legales y notariales, publicidad y marketing<\/label><\/li><\/ul><\/div>\t\t\t\t\t\t\t\t<\/div>\n\t\t\t\t\t\t\t\t\t\t\t\t\t\t<\/div>\n\t\t\t\t\t\t\t\t\t\t\t<\/div>\n\t\t\t\t\t\t\t\t\t\t\t<div id=\"ur-recaptcha-node\"> <div id=\"node_recaptcha_register\" class=\"g-recaptcha-v3\" style=\"display:none\"><textarea id=\"g-recaptcha-response\" name=\"g-recaptcha-response\" ><\/textarea><\/div><\/div>\t\t\t\t\t\t<div class=\"ur-button-container \" >\n\t\t\t\t\t\t\t\t\t\t\t\t\t\t<button type=\"submit\" class=\"btn button ur-submit-button \" conditional_rules=\"&quot;&quot;\">\n\t\t\t\t\t\t\t\t<span><\/span>\n\t\t\t\t\t\t\t\tReg\u00edstrate\t\t\t\t\t\t\t<\/button>\n\t\t\t\t\t\t\t\t\t\t\t\t\t\t\t\t\t\t\t\t<\/div>\n\t\t\t\t\t\t\n\t\t\t\t<div style=\"clear:both\"><\/div>\n\t\t\t\t\t\t\t\t<input type=\"hidden\" name=\"ur-registration-language\" value=\"es\"\/>\n\t\t\t\t<input type=\"hidden\" name=\"ur-user-form-id\" value=\"13587\"\/>\n\t\t\t\t<input type=\"hidden\" name=\"ur-redirect-url\" value=\"\/navalmoraldelamata\/pendiente-de-verificacion\/\"\/>\n\t\t\t\t<input type=\"hidden\" id=\"ur_frontend_form_nonce\" name=\"ur_frontend_form_nonce\" value=\"1a1d18a2c7\" \/>\n\t\t\t\t\t\t\t<\/form>\n\t\t\t\n\t\t<div style=\"clear:both\"><\/div>\n\t<\/div>\n\n<!-- \/wp:shortcode -->\t\t\t\t\t\t<\/div>\n\t\t\t\t<\/div>\n\t\t\t\t\t<\/div>\n\t\t\t\t<\/div>\n\t\t\t\t<\/div>\n\t\t","protected":false},"excerpt":{"rendered":"<p>Registra tu empresa para hacer el test, guardar tus datos y gestionar tu certificaci\u00f3n<\/p>\n","protected":false},"author":1,"featured_media":0,"parent":0,"menu_order":0,"comment_status":"closed","ping_status":"closed","template":"full_width.php","meta":{"_joinchat":[],"footnotes":""},"class_list":["post-13585","page","type-page","status-publish","hentry"],"_links":{"self":[{"href":"https:\/\/estudiosostenibilidad.com\/navalmoraldelamata\/wp-json\/wp\/v2\/pages\/13585"}],"collection":[{"href":"https:\/\/estudiosostenibilidad.com\/navalmoraldelamata\/wp-json\/wp\/v2\/pages"}],"about":[{"href":"https:\/\/estudiosostenibilidad.com\/navalmoraldelamata\/wp-json\/wp\/v2\/types\/page"}],"author":[{"embeddable":true,"href":"https:\/\/estudiosostenibilidad.com\/navalmoraldelamata\/wp-json\/wp\/v2\/users\/1"}],"replies":[{"embeddable":true,"href":"https:\/\/estudiosostenibilidad.com\/navalmoraldelamata\/wp-json\/wp\/v2\/comments?post=13585"}],"version-history":[{"count":43,"href":"https:\/\/estudiosostenibilidad.com\/navalmoraldelamata\/wp-json\/wp\/v2\/pages\/13585\/revisions"}],"predecessor-version":[{"id":14451,"href":"https:\/\/estudiosostenibilidad.com\/navalmoraldelamata\/wp-json\/wp\/v2\/pages\/13585\/revisions\/14451"}],"wp:attachment":[{"href":"https:\/\/estudiosostenibilidad.com\/navalmoraldelamata\/wp-json\/wp\/v2\/media?parent=13585"}],"curies":[{"name":"wp","href":"https:\/\/api.w.org\/{rel}","templated":true}]}}